{"id":18082,"date":"2023-01-23T10:42:28","date_gmt":"2023-01-23T10:42:28","guid":{"rendered":"https:\/\/www.soyinquieto.com\/nuestra-flota\/paxter-cargo\/"},"modified":"2026-02-05T11:11:52","modified_gmt":"2026-02-05T11:11:52","slug":"paxter-cargo","status":"publish","type":"product","link":"https:\/\/www.soyinquieto.com\/pt\/nosa-frota\/paxter-cargo\/","title":{"rendered":"Paxster Cargo"},"content":{"rendered":"<p><span style=\"font-weight: 400;\">O <\/span><b>quadriciclo el\u00e9trico PAXSTER CARGO<\/b><span style=\"font-weight: 400;\"> \u00e9 o ve\u00edculo <\/span><b>ve\u00edculo ideal para a log\u00edstica do \u00faltimo quil\u00f3metro<\/b><span style=\"font-weight: 400;\">. Funciona como uma scooter el\u00e9ctrica, mas com um desempenho mais semelhante ao de uma pequena carrinha. As suas pequenas dimens\u00f5es, juntamente com a sua ergonomia e agilidade em meio urbano, fazem dele um ve\u00edculo ideal para ser utilizado em zonas urbanas. <\/span><b>ve\u00edculo el\u00e9trico com elevada produtividade e rentabilidade para a entrega, manuten\u00e7\u00e3o e assist\u00eancia t\u00e9cnica.<\/b><span style=\"font-weight: 400;\">O ve\u00edculo el\u00e9trico tem uma elevada produtividade e rentabilidade na entrega, manuten\u00e7\u00e3o e assist\u00eancia t\u00e9cnica.<\/span><span style=\"font-weight: 400;\">Disp\u00f5e de um espa\u00e7o de carga total de <\/span><b>1.000 litros de capacidade, com uma capacidade de carga at\u00e9 250 kg.<\/b><span style=\"font-weight: 400;\">. Inclui uma bateria de 9,2 kWh, o que lhe confere uma <\/span><b>120 km de alcance<\/b><span style=\"font-weight: 400;\">. Al\u00e9m disso, o seu motor el\u00e9trico de 4,7 kW permite-lhe atingir uma velocidade m\u00e1xima de<\/span> <b> velocidade m\u00e1xima de 45 km\/h e um declive ultrapass\u00e1vel de 18%.<\/b><span style=\"font-weight: 400;\">.<\/span><\/p>\n","protected":false},"excerpt":{"rendered":"<p>Quadriciclo el\u00e9trico<\/p>\n","protected":false},"featured_media":514,"template":"","meta":{"_acf_changed":false,"inline_featured_image":false,"_joinchat":[]},"onirix-ar":[878],"product_brand":[],"product_cat":[466,759,776],"product_tag":[886,887,816,885,818,771,820,809,819],"class_list":{"0":"post-18082","1":"product","2":"type-product","3":"status-publish","4":"has-post-thumbnail","6":"onirix-ar-ar-on","7":"product_cat-nossa-frota","8":"product_cat-marcas-pt","9":"product_cat-paxster-pt","10":"product_tag-entrega-de-alimentos","11":"product_tag-industrial-pt","12":"product_tag-instalacoes","13":"product_tag-lazer","14":"product_tag-mobilidade","15":"product_tag-quadriciclo","16":"product_tag-restauracao","17":"product_tag-sector-publico-pt","18":"product_tag-ultimo-quilometro","20":"first","21":"instock","22":"shipping-taxable","23":"product-type-simple"},"acf":[],"_links":{"self":[{"href":"https:\/\/www.soyinquieto.com\/pt\/wp-json\/wp\/v2\/product\/18082","targetHints":{"allow":["GET"]}}],"collection":[{"href":"https:\/\/www.soyinquieto.com\/pt\/wp-json\/wp\/v2\/product"}],"about":[{"href":"https:\/\/www.soyinquieto.com\/pt\/wp-json\/wp\/v2\/types\/product"}],"wp:featuredmedia":[{"embeddable":true,"href":"https:\/\/www.soyinquieto.com\/pt\/wp-json\/wp\/v2\/media\/514"}],"wp:attachment":[{"href":"https:\/\/www.soyinquieto.com\/pt\/wp-json\/wp\/v2\/media?parent=18082"}],"wp:term":[{"taxonomy":"onirix-ar","embeddable":true,"href":"https:\/\/www.soyinquieto.com\/pt\/wp-json\/wp\/v2\/onirix-ar?post=18082"},{"taxonomy":"product_brand","embeddable":true,"href":"https:\/\/www.soyinquieto.com\/pt\/wp-json\/wp\/v2\/product_brand?post=18082"},{"taxonomy":"product_cat","embeddable":true,"href":"https:\/\/www.soyinquieto.com\/pt\/wp-json\/wp\/v2\/product_cat?post=18082"},{"taxonomy":"product_tag","embeddable":true,"href":"https:\/\/www.soyinquieto.com\/pt\/wp-json\/wp\/v2\/product_tag?post=18082"}],"curies":[{"name":"wp","href":"https:\/\/api.w.org\/{rel}","templated":true}]}}

<p><span style="font-weight: 400;">O </span><b>quadriciclo elétrico PAXSTER CARGO</b><span style="font-weight: 400;"> é o veículo </span><b>veículo ideal para a logística do último quilómetro</b><span style="font-weight: 400;">. Funciona como uma scooter eléctrica, mas com um desempenho mais semelhante ao de uma pequena carrinha. As suas pequenas dimensões, juntamente com a sua ergonomia e agilidade em meio urbano, fazem dele um veículo ideal para ser utilizado em zonas urbanas. </span><b>veículo elétrico com elevada produtividade e rentabilidade para a entrega, manutenção e assistência técnica.</b><span style="font-weight: 400;">O veículo elétrico tem uma elevada produtividade e rentabilidade na entrega, manutenção e assistência técnica.</span><span style="font-weight: 400;">Dispõe de um espaço de carga total de </span><b>1.000 litros de capacidade, com uma capacidade de carga até 250 kg.</b><span style="font-weight: 400;">. Inclui uma bateria de 9,2 kWh, o que lhe confere uma </span><b>120 km de alcance</b><span style="font-weight: 400;">. Além disso, o seu motor elétrico de 4,7 kW permite-lhe atingir uma velocidade máxima de</span> <b> velocidade máxima de 45 km/h e um declive ultrapassável de 18%.</b><span style="font-weight: 400;">.</span></p>

<p>Quadriciclo elétrico</p>
